rmine v(r).
-11
Let h(q) be the first derivative of -2*q**3/3 - 12*q**2 - 61*q + 746. What is h(-6)?
11
Let t(f) = 1427*f**3 + 1436*f**3 - 2*f**2 - 2843*f**3 + 1. Let w(c) = -2*c + 15. Let v be w(7). Determine t(v).
19
Let w(j) = -j**3 - 13*j**2 + 14*j + 10. Let c be w(-14). Let i(k) = -25*k + 76*k - 21*k - 29*k - 18. Give i(c).
-8
Let a(u) = 2*u**2 + 51*u + 146. Let o be a(-22). Let q(r) = 3*r + 8. Give q(o).
-16
Let d = -305 + 309. Suppose -d*w - 25 = -3*v + 4, 5*w - v + 28 = 0. Let x(z) = -2*z**2 - 6*z. What is x(w)?
-20
Let t = -6948 + 6978. Let u(n) = -n**2 + 29*n + 22. What is u(t)?
-8
Let n(t) = -t + 4. Let p be (-88)/(-42) + (-88)/924. Give n(p).
2
Let x(n) = 7*n + 150. Let b be x(-21). Let r(u) = -b*u**2 + 6 + 0*u**2 + 14*u - 6*u**2 + 8*u**2 - 5*u. Calculate r(11).
-16
Let i be 12/15*(345/(-6) - 0). Let o = -45 - i. Let m be 1/(o/(-5))*2/(-2). Let y(f) = f**2 - 5*f - 7. What is y(m)?
-7
Suppose 334*l + 23 = 311*l. Let w(v) = -4*v**2 - 3*v - 3. Give w(l).
-4
Let c(m) = 9*m**2 - m**3 + 2*m**2 + 6*m - 10*m**2 - 15 - 6 + 19. Determine c(5).
-72
Let d = -1929 - -1939. Let p(r) = r**2 - 9*r - 12. What is p(d)?
-2
Let h(x) be the second derivative of 2*x**3/3 - 47*x**2/2 + 21*x - 57. Determine h(6).
-23
Let i = -151 + 168. Let h(l) = 47 - i + l - 22. Suppose 3*o + 2 = -4*g + 26, 3*o = 0. What is h(g)?
14
Let o(s) be the second derivative of s**5/20 - 5*s**4/12 + 2*s**3/3 + 4*s. Let a = 837 + -834. Calculate o(a).
-6
Let q(i) = 4*i + 2. Let w(y) = y**2 + 7*y + 5. Let p(c) = -2*q(c) + w(c). Give p(7).
43
Let n be (-7)/(-5) + 4/(-10). Suppose -3*a = -2*a + n. Let l(f) = -497703*f**3 + 497707*f**3 + 14 - f**2 - 14. What is l(a)?
-5
Let t(k) = -27*k - 3 + 27*k + k**2 + 14*k**2 - 2*k**2. What is t(-2)?
49
Let b(h) = -h**3 + h**2 - 3*h - 5. Let q(y) = 6*y**3 + 10*y**2 + 2*y + 2. Let w(x) = -5*b(x) - q(x). Determine w(-16).
71
Let o(v) be the first derivative of -v**2 - 8*v - 212. Let c(d) = -4*d**2 + d - 1. Suppose i + 4 = -x, -3*i - 10 + 3 = -2*x. Let z be c(x). What is o(z)?
4
Suppose 0 = -2*o + 5*k - 23 - 4, -2*o - 17 = -3*k. Let d(s) be the second derivative of -7*s**3/6 - 3*s**2/2 - 4254*s + 3. Give d(o).
4
Let u(m) = -48*m + 532. Let q be u(11). Let d(v) = v**3 - 3*v**2 - 8*v - 6. What is d(q)?
-22
Let h(y) = -12*y**2 - 73*y. Let k(p) = 3*p**2 + 20*p. Let b(d) = -3*h(d) - 11*k(d). Determine b(-1).
4
Suppose 7*c = 290 - 332. Let k be 6 + 7/(-1) - c. Let q(p) = -p**3 + 4*p**2 + 7*p - 4. Give q(k).
6
Let o(t) be the second derivative of -t**5/120 + t**4/8 - 8*t**3/3 + 2*t + 17. Let h(i) be the second derivative of o(i). Determine h(-7).
10
Suppose 44*i + 10 = 41*i - b, 1 = i - 4*b. Let v(o) = -3*o + 2*o**2 - o - 3*o**2. Calculate v(i).
3
Let t(o) = -o**3 + 10*o**2 + o + 1. Let m(w) = w**2 - 5*w + 4. Let h be ((-18)/10)/((-132)/440). Let z be m(h). Calculate t(z).
11
Let y(a) be the third derivative of 0 - 1/60*a**6 - 1/15*a**5 - a**2 + 1/24*a**4 + 1/2*a**3 + 0*a. Let i(m) = -31*m + 183. Let d be i(6). Determine y(d).
18
Suppose -11*o = -78 - 32. Let n(c) = 11*c - 23. Let u(q) = 2*q. Let x(z) = -n(z) + 4*u(z). Calculate x(o).
-7
Let v(d) = 22*d + 12. Let l be (-44)/(-3740)*34*(-10)/4. Determine v(l).
-10
Let m = -85 + 77. Let f be (-2 - 15/(-9))*(1 - m). Let h(p) = -3*p - 4. Let v be h(f). Let s(k) = -k**3 + 6*k**2 - 7*k + 2. Give s(v).
-8
Let f(g) be the third derivative of 13*g**4/24 - g**3/6 - 14*g**2. Let m(y) = -11*y - 56. Let t be m(-5). Determine f(t).
-14
Suppose 5*i - 2*i + 12 = 0. Suppose 0*a - 5*a + r + 10 = 0, 8 = -4*a + 4*r. Let q(l) = 13*l**2 + 18*l**2 + 0 - 4*l - 32*l**2 - a. Determine q(i).
-3
Let i(o) = -46 - 47 + 102 + 10*o + o**2. Suppose -12 = y - p, 4*y + p = 4*p - 44. Determine i(y).
-7
Let v(d) = 4*d - 3. Let m(f) = f**2 + 30*f - 161. Let j be m(-35). Let x(s) = s**2 + s + 6. Let u be x(0). Suppose u*g - j = 4. Determine v(g).
9
Let w be 24/9 + (-2)/(-6). Let b(y) = -71*y - 11. Let d(q) = 3089*q + 478. Let g(i) = 87*b(i) + 2*d(i). Calculate g(w).
2
Let j(o) = o**2 + 10*o - 1. Let z(y) be the third derivative of -6*y**2 + 0*y - 1/60*y**5 - 1/24*y**4 - 1/6*y**3 + 0. Let r(c) = j(c) + 3*z(c). Give r(4).
-8
Let s(a) = -a**2 - 5*a + 56. Let v(c) = -4*c + 42. Let b(t) = -3*s(t) + 4*v(t). Calculate b(1).
2
Let h(m) be the second derivative of m**3/2 - 6*m**2 + 3*m + 71. Determine h(7).
9
Let i(n) = -n**2 + 4*n + 1. Let x(p) = -4*p**2 + 17*p + 4. Let h(r) = -9*i(r) + 2*x(r). Let c = 14 - 9. Let w = 8 - c. Determine h(w).
2
Let n(z) = 3*z**3 - z**2 - 10*z + 4. Let h(i) = -2*i**3 - 2*i**2 + i - 3. Let y(j) = -2*h(j) - n(j). Determine y(-3).
-4
Let a be -4*(-3 + 4/2). Suppose -2*y = -4*g + 5*g - 5, 0 = -4*y - a. Let r(z) = 5*z - 4*z + 0 + g*z**2 + 4 + z**3 + 3. What is r(-7)?
0
Suppose 173*q + 206*q = 402*q - 46. Let w(u) = 6*u - 16. Determine w(q).
-4
Suppose 2*j + 31 = 7*j + 2*h, -2*h = 2*j - 16. Suppose 23 = 3*y + 4*o, -j*y + 2*o = -3*y + 8. Let z(w) = -12*w. Calculate z(y).
-12
Let n(y) = -y**2 - y**2 - 8*y + y**2. Let g = -25135 + 25129. Calculate n(g).
12
Let j(v) = 19*v + 46. Let n(i) = -13*i - 31. Let z(l) = -5*j(l) - 7*n(l). Determine z(-3).
-1
Let w(n) = 8*n - 1. Let t(p) = 15*p - 2. Suppose -5*j - 10 = 0, -10 = s + j + j. Let m(q) = s*t(q) + 11*w(q). Give m(12).
-23
Let k = -3 - -10. Let t(a) be the second derivative of -a**3/6 + 2*a**2 - 10505*a - 1. Give t(k).
-3
Let m be (12/(-15))/((-2)/(-10)). Let n(c) be the first derivative of -c**2/2 + 3*c + 6464. What is n(m)?
7
Let x(d) = -3*d**2 - 7597*d**3 - d + 7595*d**3 + 9 - 2 + 6*d**2. Calculate x(2).
1
Let h(m) = 12 + 21*m**2 + 367*m**3 + 368*m**3 + 40*m - 2*m - 734*m**3. Determine h(-19).
12
Let s(h) = -2*h**3 + 24*h**2 - 36*h + 24. Suppose -3*q - 4*a = -62, -111 = -2*a - 95. What is s(q)?
64
Let a = 74 + -71. Let w(y) = 13*y - 35. Let k be w(a). Suppose 4*o + 32 = -k*o. Let t(u) = u**3 + 3*u**2 - 3*u - 4. Calculate t(o).
-8
Let t = -103692 + 103692. Let o(i) be the third derivative of -i**5/60 - 7*i**3/3 - 2*i**2. Determine o(t).
-14
Let w(m) be the third derivative of 0*m - 1/8*m**4 + 42*m**2 + 0 + 5/6*m**3. Let a(b) = -b. Let l be a(5). Determine w(l).
20
Let r(c) = -12*c + 22177 - c**3 - 44305 + 8*c**2 + 22152. Determine r(7).
-11
Let t = -9446 + 9444. Let y(z) = 15*z + 17. Determine y(t).
-13
Let m(w) be the third derivative of w**5/30 + 9*w**4/8 - 17*w**3/6 + 70*w**2. Let u be m(-14). Let x(s) = -s**3 - 5*s**2 + 4. Determine x(u).
-14
Let b(t) = t**3 - 8*t**2 + 9*t + 2. Suppose -41 + 35 = 2*x. Let h(y) = y**3 - 8*y**2 + 8*y + 1. Let v(d) = x*b(d) + 4*h(d). Determine v(7).
-16
Let w(p) be the second derivative of -p**3 - 7*p**2/2 - p. Let a(k) = 10668*k + 170683. Let z be a(-16). What is w(z)?
23
Let k(a) = a**2 - 2291*a + 1149*a + 1148*a - 1. Let d(w) = -28*w - 315. Let v be d(-11). Give k(v).
6
Let u(j) = 154*j**2 + 31*j + 314. Let r(t) = -71*t**2 - 16*t - 158. Let m(w) = 13*r(w) + 6*u(w). Give m(28).
-2
Let y(c) be the first derivative of -3*c**2 + c - 4. Let i = -2537 + 2536. Determine y(i).
7
Let g(c) be the third derivative of c**5/60 + c**4/6 - 77*c**3/6 - 3412*c**2. What is g(-11)?
0
Suppose -2*g = -3*m + 10, 0 = -11*m + 6*m + g + 19. Suppose 0 = 2*q - 3*q - 4*h + 22, 0 = q + h - 7. Let u(w) = -w**q + 0*w + 6 - 1 + w. Determine u(m).
-7
Let k(l) = 7*l**3 - 2*l**2 + 4*l - 4. Let j(r) = r**3 + r - 1. Let c(o) = -6*j(o) + k(o). Let a = 3 + -2. Suppose 9 = -4*x + a. Calculate c(x).
-10
Let b(z) = 6*z + 70*z**3 + 8*z**2 - 3*z**2 + 4 - 69*z**3. Let y be ((-4)/8)/(9/(-108)) + -10. What is b(y)?
-4
Let c(o) = 3*o**3 + 81*o**2 - 82*o + 60. Let j be c(-28). Let v(f) = f**3 - 5*f**2 + f + 11. Calculate v(j).
-1
Let c(j) = 10*j + 43. Let h(l) = -2*l. Let y(v) = c(v) + 3*h(v). Let f be y(-10). Let b(x) = 2*x**2 + 0*x**3 - x**3 + 2*x**2 - 2*x**2 + 2*x. Determine b(f).
-3
Let w(g) be the first derivative of g**5/60 - 7*g**4/24 - g**3/3 - 24*g + 48. Let i(o) be the third derivative of w(o). Calculate i(4).
1
Let p(c) = -19*c + 21. Let x(y) = 2*y. Let f(n) = -p(n) - 3*x(n). Determine f(2).
5
Let q(i) = -3*i + 17. Suppose -393*w = -120*w - 507 - 312. What is q(w)?
8
Suppose -t - 3*k = -24, 4*k = -2*t - 0*k + 38. Let x(s) = -4*s**2 + s - t + 2 + 6 + s**3 - 2. Give x(2).
-9
Let r = -2335 - -1319. Let x = r - -1016. Let d(f) = -f**3 - f**2 + f - 9. What is d(x)?
-9
Suppose 0 